{"id":474,"date":"2015-10-08T11:49:31","date_gmt":"2015-10-08T11:49:31","guid":{"rendered":"http:\/\/wineshop.themerex.net\/?page_id=474"},"modified":"2022-11-10T17:27:40","modified_gmt":"2022-11-10T16:27:40","slug":"home-02","status":"publish","type":"page","link":"https:\/\/www.cranefields.de\/","title":{"rendered":"Weine aus S\u00fcdafrika"},"content":{"rendered":"<div data-vc-full-width=\"true\" data-vc-full-width-init=\"false\" class=\"vc_row wpb_row vc_row-fluid vc_custom_1444306356457\"><div class=\"wpb_column vc_column_container vc_col-sm-12\"><div class=\"wpb_wrapper\"><div class=\"vc_empty_space\"  style=\"height: 77px\" ><span\n\t\tclass=\"vc_empty_space_inner\"><\/span><\/div>\n<div class=\"sc_section aligncenter\" style=\"width:800px;width:800px;\"><div class=\"sc_section_inner\"><h2 class=\"sc_section_title sc_item_title\">EXKLUSIVE WEINE<\/h2><div class=\"columns_wrap sc_columns columns_nofluid sc_columns_count_2\"><div class=\"column-1_2 sc_column_item sc_column_item_1 odd first\">\n\t<div class=\"wpb_text_column wpb_content_element  wpb_animate_when_almost_visible wpb_left-to-right\">\n\t\t<div class=\"wpb_wrapper\">\n\t\t\t<p><span style=\"letter-spacing: 0.5px;\">Unsere Weine werden direkt aus unserem Lager in Norddeutschland versendet, so erhalten Sie ihre Lieferung&nbsp;innerhalb weniger&nbsp;Tage &#8211; bequem und 100%&nbsp;sicher in unserem Wein-Shop.<\/span><\/p>\n\n\t\t<\/div>\n\t<\/div>\n<\/div><div class=\"column-1_2 sc_column_item sc_column_item_2 even\">\n\t<div class=\"wpb_text_column wpb_content_element  wpb_animate_when_almost_visible wpb_right-to-left\">\n\t\t<div class=\"wpb_wrapper\">\n\t\t\t<p>Cranefields&nbsp;Weine werden in unserem Weingut in S\u00fcdafrika leidenschaftlich, traditionell und mit gr\u00f6\u00dfter Sorgfalt hergestellt und sind ausschlie\u00dflich \u00fcber uns erh\u00e4ltlich.<\/p>\n\n\t\t<\/div>\n\t<\/div>\n<\/div><\/div><div class=\"sc_section_button sc_item_button\"><a href=\"\/index.php\/2016\/06\/08\/ueber-cranefields\/\" class=\"sc_button sc_button_square sc_button_style_filled sc_button_size_small  sc_button_iconed icon-right\">MEHR \u00dcBER UNS<\/a><\/div><\/div><\/div><div class=\"vc_empty_space\"  style=\"height: 77px\" ><span\n\t\tclass=\"vc_empty_space_inner\"><\/span><\/div>\n<\/div><\/div><\/div><div class=\"vc_row-full-width\"><\/div><div class=\"vc_row wpb_row vc_row-fluid\"><div class=\"wpb_column vc_column_container vc_col-sm-12\"><div class=\"wpb_wrapper\"><div class=\"vc_empty_space\"  style=\"height: 92px\" ><span\n\t\tclass=\"vc_empty_space_inner\"><\/span><\/div>\n<div class=\"vc_separator wpb_content_element vc_separator_align_center vc_sep_width_100 vc_sep_pos_align_center vc_sep_color_grey vc_custom_1466075842055 vc_separator-has-text\"><span\n\tclass=\"vc_sep_holder vc_sep_holder_l\"><span  class=\"vc_sep_line\"><\/span><\/span><h4>Unser Weingut in S\u00fcdafrika<\/h4><span\n\tclass=\"vc_sep_holder vc_sep_holder_r\"><span  class=\"vc_sep_line\"><\/span><\/span>\n<\/div><\/div><\/div><\/div><div data-vc-full-width=\"true\" data-vc-full-width-init=\"false\" data-vc-stretch-content=\"true\" class=\"vc_row wpb_row vc_row-fluid vc_row-no-padding\"><div class=\"wpb_column vc_column_container vc_col-sm-12\"><div class=\"wpb_wrapper\"><div id=\"sc_googlemap_2060535680\" class=\"sc_googlemap\" style=\"width:100%;height:360px;\" data-zoom=\"14\" data-style=\"default\"><div id=\"sc_googlemap_2060535680_1\" class=\"sc_googlemap_marker\" data-title=\"Cranefields Waterfront Estate\" data-description=\"\" data-address=\"\" data-latlng=\"-34.042246, 19.240765\" data-point=\"\"><\/div><\/div><\/div><\/div><\/div><div class=\"vc_row-full-width\"><\/div><div class=\"vc_row wpb_row vc_row-fluid\"><div class=\"wpb_column vc_column_container vc_col-sm-12\"><div class=\"wpb_wrapper\"><\/div><\/div><\/div>\n","protected":false},"excerpt":{"rendered":"EXKLUSIVE WEINE Unsere Weine werden direkt aus unserem Lager in Norddeutschland versendet, so erhalten Sie ihre Lieferung&nbsp;innerhalb weniger&nbsp;Tage - bequem und 100%&nbsp;sicher in unserem Wein-Shop. Cranefields&nbsp;Weine werden in unserem Weingut in S\u00fcdafrika leidenschaftlich, traditionell und mit gr\u00f6\u00dfter Sorgfalt hergestellt und sind ausschlie\u00dflich \u00fcber uns erh\u00e4ltlich. MEHR \u00dcBER UNS Unser Weingut in S\u00fcdafrika","protected":false},"author":1,"featured_media":0,"parent":0,"menu_order":0,"comment_status":"closed","ping_status":"closed","template":"page.php","meta":[],"_links":{"self":[{"href":"https:\/\/www.cranefields.de\/index.php\/wp-json\/wp\/v2\/pages\/474"}],"collection":[{"href":"https:\/\/www.cranefields.de\/index.php\/wp-json\/wp\/v2\/pages"}],"about":[{"href":"https:\/\/www.cranefields.de\/index.php\/wp-json\/wp\/v2\/types\/page"}],"author":[{"embeddable":true,"href":"https:\/\/www.cranefields.de\/index.php\/wp-json\/wp\/v2\/users\/1"}],"replies":[{"embeddable":true,"href":"https:\/\/www.cranefields.de\/index.php\/wp-json\/wp\/v2\/comments?post=474"}],"version-history":[{"count":46,"href":"https:\/\/www.cranefields.de\/index.php\/wp-json\/wp\/v2\/pages\/474\/revisions"}],"predecessor-version":[{"id":2560,"href":"https:\/\/www.cranefields.de\/index.php\/wp-json\/wp\/v2\/pages\/474\/revisions\/2560"}],"wp:attachment":[{"href":"https:\/\/www.cranefields.de\/index.php\/wp-json\/wp\/v2\/media?parent=474"}],"curies":[{"name":"wp","href":"https:\/\/api.w.org\/{rel}","templated":true}]}}